et t(b) = -a(b) + w(b). Let g(n) = 3*n + 3. Let y be g(-3). Let x be t(y). Determine z(x).
-3
Suppose -4*y - 8 = -6*y. Let t(v) = 3*v + 2*v**2 - y*v + 2 + 2*v. Suppose 4*k - 3*i + 6 = k, -4*i = 0. Calculate t(k).
8
Let r be (-3)/(-6)*-2*(10 + -11). Let m(o) = 4*o**2 + 1 + 0*o**2 - 2*o**2. Give m(r).
3
Let f(p) = 0 - 2 + 5*p + 0. Suppose b - 2*b = 0. Suppose m + x - 1 = b, -3*x + 7*x + 14 = 5*m. Calculate f(m).
8
Let a(s) = s**3 - 2*s**2 - 4*s + 1. Suppose -6*l + 7*l = 3. What is a(l)?
-2
Let y(d) = -2*d - 10. Let o(i) = i + 3. Let n(q) = 8*o(q) + 3*y(q). Give n(5).
4
Let m(r) = -r**3 - 9*r**2 - 7*r + 10. Let j be m(-8). Let z(d) = -d**3 + 2*d**2 - 3*d + 1. Determine z(j).
-5
Let g(u) = u. Suppose -2*w - 6*w = 40. What is g(w)?
-5
Let y be (-2)/2*-1*3. Let z(h) = 5*h**2 + 2*h + 4*h**2 - 12*h**2 + 1. Let o(f) = f. Let u(d) = y*o(d) - z(d). Give u(1).
3
Let n(w) = -5*w**2 - 2*w - 11. Let a(y) = -11*y**2 - 5*y - 24. Let k(g) = 4*a(g) - 9*n(g). Suppose -5*d - b = -14, 2*d - 2*b = 2*b + 10. Give k(d).
6
Let p(n) be the second derivative of -n**5/20 - 7*n**4/12 - 2*n**3/3 + 7*n**2/2 - 9*n. Give p(-6).
-5
Let x be (2 - 1) + (-8)/(-4). Let v(d) = -5*d**2 - 2*d + 1. Let u(f) = -9*f**2 - 5*f + 2. Let z(w) = x*u(w) - 5*v(w). Calculate z(-4).
-11
Let g(t) = t + 1. Suppose 13*a = 11*a. Let z be a - (2 + (-14)/2). Calculate g(z).
6
Let y be 124/30 + (-16)/120. Let k(a) = -a**3 + 5*a**2 - 4*a + 3. Calculate k(y).
3
Let h(t) = -t**3 - 8*t**2 - t - 10. Let w be h(-8). Let f(a) = -17*a**2 + 4*a + 1. Let l(g) = -18*g**2 + 5*g + 1. Let x(z) = w*l(z) + 3*f(z). Determine x(-1).
-16
Let x(f) be the third derivative of 0 - 3*f**2 + 1/6*f**3 + 0*f + 1/60*f**5 + 1/24*f**4. Give x(-4).
13
Suppose 0 = -2*i + 2*n - 0 - 2, 0 = -4*i - n - 29. Let c(p) = p**3 + 7*p**2 + 8*p - 1. Give c(i).
-13
Let c(m) = -3*m + m + 3*m + 5. Suppose 0 = -d - 4*d. What is c(d)?
5
Let s(n) = n**3 - 3*n**2 + 3*n - 4. Suppose 0 = 2*a - 0*a - 6. Let w be s(a). Let m(u) = 5*u + 34*u**2 + 5 + u**3 - 11*u - 38*u**2. Calculate m(w).
0
Suppose -u + 2 = 5. Let c(z) be the first derivative of z**4/4 + z**3 - z**2 - 3*z + 1. Calculate c(u).
3
Suppose r = -3*a + 2*r + 10, -a = 4*r - 12. Suppose -5*k + h = 16 - a, 3*k - h + 8 = 0. Let m(u) = u. Let c(b) = -6*b. Let v(x) = c(x) + 4*m(x). What is v(k)?
4
Let g(k) = k**2 + 1. Let d be 8/3 + (-2)/3. Let r be g(d). Suppose 4*j = -r*p + 42, -p - 2*j = p - 18. Let b(v) = v**2 - 6*v - 7. Give b(p).
-7
Let p(v) = -3*v**3 + v**2 + v + 1. Let x = 1 - -3. Let m(f) = -4*f**3 + f + 1. Let s(l) = x*m(l) - 5*p(l). Give s(-5).
4
Let s(o) = o**3 - o**3 + 3*o + o**3 - 5*o**2. Let p = 15 + -6. Suppose 3*l - p = z, l + 3*z - 5 = 2*l. Determine s(l).
-4
Let x = -43 + 26. Let g = 12 + x. Let i(f) be the second derivative of f**5/20 + f**4/2 + 2*f**3/3 - 2*f**2 - f. Calculate i(g).
1
Let y(z) = -z - 1. Let l(r) = 5*r + 2. Let f(i) = -l(i) - 4*y(i). Determine f(4).
-2
Let d(h) be the third derivative of -h**4/24 - h**3 + 10*h**2. Calculate d(-7).
1
Let z(f) = -3*f**2 - 8*f - 1. Let a(l) = 4*l**2 + 9*l. Let y(p) = 2*a(p) + 3*z(p). Let m(u) = u**2 + 4*u + 1. Let j be m(-3). Give y(j).
5
Let d = 2 - -1. Let b(q) = -q - 6. Let h be b(-6). Suppose -v - d + 0 = h. Let p(w) = -w**2 - w + 2. What is p(v)?
-4
Suppose -3*q + 3 + 15 = -3*r, 5*r + 25 = 0. Let v(x) be the first derivative of -1/4*x**4 - x**3 + q - 3*x - x**2. Calculate v(-3).
3
Let s(d) = 6*d**3 - 4*d**2 + 7*d + 6. Let q(t) = -t**2 + t + 1. Let w(b) = 6*q(b) - s(b). Determine w(-1).
5
Let y(z) be the first derivative of 2*z**3/3 - 2*z**2 - z - 54. Suppose -4*f + 12 = -f. What is y(f)?
15
Let k(o) = o. Let j(s) be the third derivative of -s**5/120 - 7*s**4/24 + s**3/6 - 3*s**2. Let n(u) be the first derivative of j(u). Let w be n(-12). Give k(w).
5
Let l = -12 - -8. Let y = 16 + -11. Let f(z) = -7*z - y*z**2 + 3*z - z**3 + 5 - 4. Calculate f(l).
1
Let y(c) be the second derivative of c**5/20 + c**4/4 - c**2 - 4*c. Give y(-4).
-18
Let b be 14/42*(-3)/(-1). Let m(z) = -2*z - 6. Let q(y) = 2*y + 5. Let c(l) = 6*m(l) + 7*q(l). What is c(b)?
1
Let u(z) = 2*z**2 + 7*z + 4. Suppose -4*b + 3*j = 25, -2*b + 4*j = 3*b + 32. Calculate u(b).
8
Let s(o) = -o**3 - 5*o**2 + o + 5. Suppose w - 12 = 4*w. Determine s(w).
-15
Let s(k) be the third derivative of -k**4/24 + 11*k**3/6 + k**2. Let y be s(12). Let h(u) = u**2 + 0*u**2 + u + 2*u**2. Give h(y).
2
Let j(b) = b**3 - 5*b**2 + 4*b - 1. Let i be (8/(-5))/2*(12 + -17). Determine j(i).
-1
Let r(y) = -4*y**2 - y - 7. Let b(a) = a**2 + 2. Let x(v) = -3*b(v) - r(v). What is x(-1)?
1
Let j(n) be the second derivative of 1/2*n**3 + 4*n + 0 + 0*n**2 + 1/12*n**4. What is j(-4)?
4
Suppose 0 = -0*a - 3*a - 9. Let r(z) be the second derivative of 1/20*z**5 - 2*z**2 + 1/4*z**4 - 4*z + 0*z**3 + 0. Give r(a).
-4
Suppose 5*g = -2*o + 38 + 8, 27 = 3*g + o. Let m = g - 12. Let a(i) be the first derivative of i**4/4 + 5*i**3/3 + 5*i**2/2 + i + 1. Determine a(m).
-3
Let g(x) = -8*x**3 + x**2 - 3*x + 1. Let z = -5 - -8. Let b(m) = 7*m**3 + 2*m - 1. Let k(s) = z*b(s) + 2*g(s). What is k(-1)?
-4
Let b(g) be the third derivative of -g**6/120 + g**5/15 - 2*g**3/3 + 2*g**2. Let s = 3 + 1. Suppose 2 = -3*z - 4, 4*q - 4 = -s*z. Calculate b(q).
5
Let t(d) = d**3 - 4*d**2 + 2*d + 2. Let f(g) = g - 3. Let h be f(5). Suppose 0 = -h*u + 4. Suppose 5*q = -5*j + 15, j - 6 = -u*q + 1. Calculate t(q).
10
Let x(a) = a**3 - 6*a**2 + 5. Let n be x(6). Let c be 3 - 0 - -3 - 3. Let r(g) = -g + 2 + c + 0*g + 2*g. Calculate r(n).
10
Let z(p) = -p**2 - 5*p - 6. Let o(t) = 2*t + 0*t**3 - 1 - t**3 + 1. Let n be o(2). Calculate z(n).
-2
Let y(w) be the third derivative of w**5/60 - 3*w**4/8 + w**3/6 + 19*w**2. What is y(5)?
-19
Let p = 6 + -6. Suppose -l + 1 + 4 = p. Let r(u) = -4*u + u**3 + 4*u**2 + 9*u + l + 2*u**2. Calculate r(-5).
5
Let p be (-28)/(-126) + 14/18. Let j(l) = 7*l**2 - 2*l + 1. What is j(p)?
6
Suppose -s - 1 = 2. Let b(q) = -q**3 - 3*q**2 - q - 2. Let d be b(s). Let l(o) = -5*o**3 + o - 1. Determine l(d).
-5
Let g be (18/15)/(6/(-30)). Let s(b) = b + 6. What is s(g)?
0
Let x(b) = -6*b + 1. Let w be x(-4). Suppose z + 4*t - 25 = 6*z, -5*z - 2*t - w = 0. Let u(a) = a**3 - a**2 + 7*a**2 + 7*a + 4 - 2. What is u(z)?
-8
Let l(r) = -r - 1. Let b(p) be the second derivative of p**4/12 + 2*p**3/3 - 7*p**2/2 + 4*p. Let v be b(-6). What is l(v)?
-6
Let q be 5*4*(-6)/20. Let p be q/9 - 34/(-6). Suppose 0 = -4*t + 4*u + 12, 0 = p*t - u - 0*u - 3. Let y(n) = n**3 + n**2 + n - 7. Calculate y(t).
-7
Let b(n) = n**3 - 4*n**2 - 4*n - 6. Suppose -35 = 5*a + 30. Let m = -8 - a. Calculate b(m).
-1
Let c(v) be the third derivative of -v**4/24 - v**3/3 - v**2. Suppose -5*f - 25 = -2*i, -3*f + 0*f = 15. Determine c(i).
-2
Let g(p) = p**2 + p - 7. Let c be (-2)/5 + 4/10. What is g(c)?
-7
Suppose -5*g + 45 = 5*s, 6*s = s + 4*g + 9. Let a(l) = -2*l**3 - l**2 - 4*l + 4. Let q(y) = -3*y**3 - 4*y + 5. Let o(w) = -4*a(w) + 3*q(w). Determine o(s).
-6
Let x(i) = -i**3 - i**2 + i - 1. Let z(w) = 5*w**3 + 3*w**2 - 8*w + 4. Let r(k) = -4*x(k) - z(k). Suppose -j - d + 8 = 0, 5*j - 5*d = -0*j - 10. Give r(j).
-6
Let j(z) = 3*z - 4. Let m be 4/10 + 18/5. Suppose 2*i - 5*i + 4*g - 40 = 0, -m*g - 56 = 5*i. Let k be 4/i + 26/6. Determine j(k).
8
Let j(u) = u**2 - 5*u + 5. Let b be j(4). Suppose -7 + b = -3*m. Suppose -3*x + 5*x + m = 0. Let w(h) = 4*h**3 + 2*h + 1. Determine w(x).
-5
Let j(n) = n**3 + 2*n**2 - 5*n - 1. Let q(u) = 2*u**3 + 3*u**2 - 9*u - 2. Let d be (-6)/8 + 164/(-16). Let c(f) = d*j(f) + 6*q(f). Determine c(4).
3
Let s(b) be the first derivative of -3*b**2/2 + b - 5. Give s(-3).
10
Let m(v) = -v + 1. Suppose -1 = 16*d - 49. Calculate m(d).
-2
Let w(t) = -t + 8. Let n be w(8). Let k = -3 + 5. Let y(q) = q**3 - 1 + k*q**2 - 2*q**2. Determine y(n).
-1
Let i(c) = 5*c**3 - 21*c**2 + 13*c - 33. Let h(x) = -3*x**3 + 14*x**2 - 9*x + 22. Let w(o) = -8*h(o) - 5*i(o). Determine w(-8).
-3
Let q(r) = r**3 - 4*r**2 - 6*r + 4. Let s(l) = l**3 + l**2 - l - 1. Let k(j) = q(j) - 2*s(j). Suppose 2 = 2*d - 0, -24 = 4*v - 4*d. Calculate k(v).
1
Let v(f) = -f. Suppose -1 = b - 2*b, 19 = 4*j + 3*b. Suppose 0*h - 8 = j*h. Determine v(h).
2
Let z(o) = o**2 + 6*o. Let m be (-21)/6*(2 - 0). Calculate z(m).
7
Let k(v) = -3*v**2 - 3. Let m(d) = -d**3 + d**2 + d. Let a(l